)?
True
Is 7 a factor of 37 - (-3 + 5 + -4)?
False
Let v(w) = 2*w**3 - 7*w**2 - w + 3. Is 36 a factor of v(5)?
False
Let y(c) = -c + 9. Let j be y(4). Suppose 0 = j*w - 94 - 116. Does 12 divide w?
False
Let s = 40 + -20. Is s a multiple of 20?
True
Let a be (-1)/3 - 362/(-6). Suppose 0*t + 3*t = a. Let m = 31 - t. Is 11 a factor of m?
True
Let b be 8 - 1/((-3)/3). Suppose b = 3*o - 0*o. Is 3 a factor of o?
True
Suppose 3*q + 6 = 0, g - 4*q - 24 = -0*q. Suppose -4 = -3*d - g. Is ((-8)/(-10))/(d/(-50)) a multiple of 4?
False
Let s be 6/2*1/3. Is (-32)/(s*1/(-1)) a multiple of 12?
False
Let b(m) = -4*m**3 + 4*m**2 - 2*m - 4. Is 31 a factor of b(-3)?
False
Let s(p) = 4*p**3 + 41*p**2 - 31*p + 35. Let a(k) = k**3 + 10*k**2 - 8*k + 9. Let l(m) = 9*a(m) - 2*s(m). Is 10 a factor of l(-9)?
True
Let f be (-112)/18 - (-20)/90. Is -5*3/f*2 even?
False
Let i = -61 + 145. Does 7 divide i?
True
Let i be (12/5)/(2/(-25)). Let r = i - -57. Is 9 a factor of r?
True
Let f(g) = -g**2. Let y be f(0). Let k be 12*(3/9 - y). Suppose -x = -2*x + v + 55, -v = -k*x + 226. Does 16 divide x?
False
Let m(q) = 13*q + 5. Is m(4) a multiple of 10?
False
Suppose -60 = -q + 30. Is q a multiple of 9?
True
Let z(k) = k + 11. Suppose -2*f + 7*f = 0. Is 11 a factor of z(f)?
True
Does 21 divide 6 - 3 - (0 - (-354)/(-3))?
False
Suppose 3*c - 30 - 137 = -2*m, 2*c - 102 = m. Is c a multiple of 11?
False
Suppose -z - 70 = -2*b, b = z + 54 - 19. Is b a multiple of 23?
False
Let x = -73 + 279. Suppose 3*l + 43 = -x. Let t = -36 - l. Is t a multiple of 22?
False
Suppose c + 4 = 34. Suppose -y - 4*y = -c. Is y a multiple of 3?
True
Let f(o) = -2*o - 10. Is f(-11) a multiple of 9?
False
Let h = -26 - -44. Is 3 a factor of h?
True
Let x(z) = -z**3 + 6*z**2 + 7*z - 2. Is 8 a factor of x(6)?
True
Suppose s = -4*m + 2*s - 6, 5*s = 4*m + 14. Is 12 a factor of 14 - 2/(m/1)?
False
Let h = -6 - -10. Suppose m - 155 = -4*s + h*m, -5*m = -s + 43. Is 16 a factor of s?
False
Suppose 6*r = 3*r + 240. Is r a multiple of 20?
True
Let p(g) = 7 - 3*g + 2*g + 0 - 4. Does 2 divide p(-3)?
True
Suppose 24 = -3*m - m. Let d be (-1)/(14/m - -2). Suppose 8 + 1 = d*a. Is 2 a factor of a?
False
Let i(j) = -j**3 + 3*j**2 + j - 2. Let n be i(2). Suppose 5*h - 4*y = 45, -n*h + 3*h + y = -8. Does 5 divide h?
False
Suppose -4*n + 1 = 9. Does 4 divide (-25)/n - 1/2?
True
Suppose 3*o + 3*k = 24, 3*o - 2*k - 4 = o. Suppose o*r + 0*r - 110 = 0. Is r a multiple of 11?
True
Suppose b = 5 - 0. Suppose p - b*p = -80. Is 20 a factor of p?
True
Let b = 4 + -1. Let g be ((-58)/3)/((-1)/b). Suppose 5*w = 4*p + g, -p - 18 = -2*w - 2*p. Does 4 divide w?
False
Suppose -3*h - 2*o + 89 = -69, h + 4*o = 56. Is h a multiple of 13?
True
Let q(v) = -v**3 - 8*v**2 + 3*v + 3. Let f be q(-9). Suppose 5*k - f = 8. Does 7 divide k?
False
Let k(d) = -d + 1. Let y(b) = -2*b - 2. Let j(q) = 3*k(q) - y(q). Let h be j(5). Suppose 5*g - 4*a + 41 - 131 = h, 5*g - 90 = -4*a. Does 10 divide g?
False
Let m = -74 - -123. Is m a multiple of 33?
False
Let g = 102 + -59. Does 14 divide g?
False
Let p = 15 - 13. Suppose 0 = -2*r - u + 104, -p*r + 5*u + 154 = 38. Does 12 divide r?
False
Let b(r) = -r**2 + 1 + 8*r + 0*r + 1. Is b(6) a multiple of 14?
True
Let v = -5 + 2. Let m(j) = 8*j + 2. Let x be m(v). Let z = x - -45. Is z a multiple of 11?
False
Suppose -3*c + 440 = -2*c. Suppose 3*r - c = -r. Does 34 divide r?
False
Suppose 7*q - 2*q - 4*g = 8, 0 = -4*g - 8. Is 2 a factor of (-1)/2*q + 7?
False
Let j = -10 - -9. Is (22/4)/(j/(-2)) a multiple of 4?
False
Suppose 0 = -5*g, -5*a = -g - 56 - 59. Is a a multiple of 9?
False
Let o(t) = 5*t + 4. Let j be o(3). Suppose 0 = 5*q - 1 - j. Suppose -3*v = -4*u + 51, -3*u + 0 = -q*v - 40. Does 6 divide u?
True
Suppose 0 = 4*q - 88 - 44. Is 16 a factor of q?
False
Let q(k) = 5*k**2 + 2*k. Let d = 4 + -11. Let v(n) = n + 10. Let r be v(d). Does 20 divide q(r)?
False
Does 12 divide (8/20)/(2/240)?
True
Let f be ((-6)/(-9))/((-16)/(-24)). Does 15 divide -3 - f*(-47 - 1)?
True
Suppose 2*f - 5*f + h = -95, -5*f - 4*h + 181 = 0. Let v be 59/(-3) + (-1)/3. Let a = v + f. Is a a multiple of 13?
True
Let w = 7 + -5. Suppose 0 = -s + w*s. Suppose 4*h + 15 - 63 = s. Is 12 a factor of h?
True
Let y = -7 + 35. Is y a multiple of 5?
False
Let p(o) be the second derivative of o**4/12 + o**3/2 - o. Let s(m) = m + 1. Let f be s(-6). Does 5 divide p(f)?
True
Let p be (-27)/(-5) + 21/35. Let u be -1 + p + 1 + -3. Suppose -m + 0*m - 28 = -4*c, -3*c + u*m = -21. Is c even?
False
Let b(c) = -46*c. Let s be b(-4). Suppose 2*f = -2*q - 58 + s, -4*q - f = -246. Does 14 divide q?
False
Let h(f) = -f**2 + 11*f - 11. Is h(7) a multiple of 9?
False
Suppose -5*l + 105 = -3*s, -2*s + 3*s = 3*l - 67. Is 24 a factor of l?
True
Let r(d) be the second derivative of d**4/12 + 2*d**3/3 + 7*d**2/2 + 4*d. Let b be r(-7). Suppose b = g + 3*g. Is 4 a factor of g?
False
Suppose 0 = -3*c - 4*n + 3, -5 - 4 = -3*c - 2*n. Let i(p) = 6*p + 2. Is i(c) a multiple of 16?
True
Let m = 17 + -11. Is 12 a factor of (19/(-2))/(m/(-12))?
False
Let o(w) = -w - 1. Let f be o(0). Let l(n) be the first derivative of -49*n**2/2 - n - 13. Is 24 a factor of l(f)?
True
Let v(g) = -g**3 + 6*g**2 - 5. Is 5 a factor of v(5)?
True
Let c = -6 - -10. Suppose -c*v - q = -92, -4*q = -0*v + v - 23. Does 15 divide v?
False
Let t = -234 - -493. Suppose 0 = 5*p - t + 59. Suppose -4*g + p = -2*l, -g + l + 4 = -7. Is 7 a factor of g?
False
Let z(x) = 0 - 2 + 7*x + 5. Let y be -1*(-28)/(-8)*-2. Does 21 divide z(y)?
False
Let n(o) = -31*o - 29. Is n(-3) a multiple of 41?
False
Suppose 17 - 5 = s. Let z be 1/(3/s) - 0. Is 15 a factor of z - 2 - (-39 - 0)?
False
Let b(i) = -i + 2. Is b(-10) a multiple of 7?
False
Let r = 17 - 14. Let i(x) = 4*x + 1. Is i(r) a multiple of 5?
False
Let u be 4 + 6/(-2) + 2. Suppose 8*o = -2*f + u*o + 59, 5*f - 136 = -o. Does 9 divide f?
True
Let j(t) = t**3 + 4*t**2 - 2*t - 4. Let h(c) = -c**3 + c**2 - c - 4. Let s be h(0). Is j(s) a multiple of 3?
False
Suppose 3*g + 0*g = 72. Suppose 2*o = -o + g. Is o a multiple of 8?
True
Suppose 4*g + 6*t = 2*t + 260, 5*g - 311 = 2*t. Is 21 a factor of g?
True
Suppose 6*b = 273 - 33. Does 8 divide b?
True
Let h(q) = 11*q**2 - q. Let s be h(-2). Let a = s + 26. Is 18 a factor of a?
True
Is 9 a factor of (-12)/(-21) - 387/(-21)?
False
Does 13 divide 4/8*90 + -2 + -1?
False
Let p = 66 + -2. Is p a multiple of 32?
True
Suppose 4*l = -5*z + 66, 2*l - 38 = 3*z - 8*z. Is 2 a factor of l?
True
Let u(m) = 28*m - 1. Let q be u(1). Is 1/4 - q/(-4) a multiple of 7?
True
Let b(f) = -8*f**2 + 29*f + 25. Let z(j) = -2*j**2 + 7*j + 6. Let p(y) = 2*b(y) - 9*z(y). Suppose -10*n + 20 = -6*n. Does 21 divide p(n)?
True
Let w(q) = -q + 117. Is 13 a factor of w(0)?
True
Let o be (-2)/(-8) - (-46)/8. Let z = -1 + o. Does 2 divide z?
False
Suppose 9 = -a + 4*u - 7, 3*a + u - 17 = 0. Suppose 0 = -2*m - r + 4, 5*r = 3*m - a*m + 20. Suppose m = j - 8 - 24. Is j a multiple of 11?
False
Let o(g) = 118*g**2 - 2*g + 1. Let r be o(1). Suppose 0 = -4*u - 37 + r. Is u a multiple of 9?
False
Suppose 159 = 5*t + 4*m - 257, -3*m - 3 = 0. Suppose 2*g = -g + t. Is 14 a factor of g?
True
Let k(t) = -3*t**3 - 8*t**3 - 1 - t**2 - 3*t**3 - 2*t - 6*t**3. Let l(x) = -x - 6. Let a be l(-5). Does 20 divide k(a)?
True
Let v(r) = r**3 + 8*r**2 + 2*r. Let q be v(-6). Suppose 0*z - 5*z + 20 = 0. Suppose z*u - q = -u. Does 6 divide u?
True
Let h be (16/5)/((-6)/45). Let c = 34 + h. Is 5 a factor of c?
True
Suppose -y = -2 - 1. Suppose -5*l + 2*x - 32 = 0, 0 = y*l - x + 25 - 6. Let k = 9 - l. Is k a multiple of 10?
False
Suppose -32 - 8 = -5*l. Let k be l/((1 + -7)/(-3)). Suppose -4*r + 2*v + 18 = 0, -5*v + 1 - 10 = -k*r. Is r a multiple of 3?
True
Let j = 1 + -1. Let w(u) = -u**3 + 4*u**2 - u - 4. Let c be w(3). Let q = j + c. Is q even?
True
Let k be (-2 - 1)/3 + -48. Let p be (7/(-2))/(4/(-104)). Let q = p + k. Does 16 divide q?
False
Let u(q) = -5*q**3 - q**2 - 3*q - 2. Is 14 a factor of u(-2)?
False
Let k be 1 - 4 - (-1)/(-1). Let u = k + 9. Is u a multiple of 2?
False
Suppose 8 = -2*w + 2*f, 4*f = -2*w - 3*w - 65. Let x = w + 27. Is x a multiple of 9?
True
Suppose -i = -4, -2*f - 2*f + i + 40 = 0. Does 11 divide f?
True
Suppose 0 = -5*g - g + 1026. Is 19 a factor of g?
True
L